ivided by d?
2
Let q(c) = -2*c + 11. Suppose 0 = -2*s + 6*s + 32. What is the remainder when 106 is divided by q(s)?
25
Suppose 3*u - 159 = 198. Suppose 0 = -3*i + 34 + u. What is the remainder when i is divided by 26?
25
Let j(l) = 2*l**2 + 2*l - 6. Let t be j(7). Suppose -3*a = 3*i - 159, 5*i = 2*a - 5*a + 255. Let h = t - i. What is the remainder when h is divided by 20?
18
Let q = 21 - 17. What is the remainder when 6 is divided by q?
2
Suppose 2*m - 54 = 5*r + 35, 3*r = -9. Calculate the remainder when 109 is divided by m.
35
What is the remainder when (-2)/((22/(-56))/11) is divided by 13?
4
Let y be ((-1 - 0) + 9)/1. Suppose 4 = -4*a, 0 = -4*k + a + 172 - 59. Calculate the remainder when k is divided by (-40)/(-6)*12/y.
8
What is the remainder when -1 + 336/10 - 2/(-5) is divided by 17?
16
Suppose 0 = -3*q + 5*y + 4 + 6, 4*q = -4*y - 8. Suppose 0 = -q*i + 4*i - 28. Calculate the remainder when 13 is divided by i.
6
Suppose -124 = -2*j - 2*j. Suppose -j = -5*v + 84. Calculate the remainder when v is divided by 6.
5
Suppose -12*i + 11*i + 6 = 0. Suppose -14 = -k - 4*j, 2*j - 10 = -2*k - 0*j. What is the remainder when i is divided by k?
0
Let k(t) = -t**3 - t**2 + 2*t + 2. Let b = -15 - -13. Suppose 0 = -4*s + 5*s + p, s + 1 = -2*p. Calculate the remainder when k(b) is divided by s.
0
Calculate the remainder when 151 is divided by (-708)/(-32) - 2/32*2.
19
Let s be -3 - 7/((-7)/6). Suppose 0 = -s*p - 2*p + 250. What is the remainder when p is divided by 26?
24
Suppose 2*o + 2*c - 6 = 0, 2*o + 2*c = 3*c + 3. What is the remainder when (-1)/o - (-154)/4 is divided by 10?
8
What is the remainder when 2/((-2)/3) - (32 - 38) is divided by 1?
0
Let g = 1 + -1. Suppose g = -0*o + o - 12. What is the remainder when 23 is divided by o?
11
Suppose -16*r + 6*r = -40. What is the remainder when 34 is divided by r?
2
What is the remainder when (4 - -1*6)*3/2 is divided by 2/7 + (-26)/(-7)?
3
Let y be (1/(-1))/(7/(-91)). Let u = y - 18. Let k = -3 - u. Calculate the remainder when 7 is divided by k.
1
Let z(s) = 10*s - 4*s - 4*s + 2. Suppose 0 = -x - 0*x + 28. What is the remainder when x is divided by z(4)?
8
Let d = -63 - -124. Calculate the remainder when d is divided by -2 + (25 - (2 - 0)).
19
Suppose -3*x = -x - 2*t - 182, -x + 5*t + 91 = 0. What is the remainder when x is divided by 24?
19
Suppose 4*k - 2 - 6 = 0. Suppose k*p - p - 8 = 0. Calculate the remainder when 22 is divided by p.
6
Let o be ((-12)/(-10))/((-2)/(-10)). Suppose 5*p - o = 19. Let k(z) = -z**3 - 3*z**2 + 3*z - 1. What is the remainder when p is divided by k(-4)?
2
Suppose -6 = -2*t + t. Suppose 5*r = -43 + 163. Let x = r - 15. What is the remainder when x is divided by t?
3
Let h(b) = b**2 + 4*b + 2. Suppose -d = f + 2, -5*f + 3*d - 26 = -0*f. Calculate the remainder when h(f) is divided by 1.
0
Suppose 3*z + 28 = 91. Let c = z - 4. Calculate the remainder when 31 is divided by c.
14
Let j(n) = -5*n - 2. Let s(z) = -14*z - 6. Let p(u) = -11*j(u) + 4*s(u). What is the remainder when 13 is divided by p(-10)?
5
Suppose -3*l = 32 + 34. Let d = 8 - 20. Let a = d - l. What is the remainder when 18 is divided by a?
8
Let x = 8 + -4. Suppose 0*g + x*g = 4. Calculate the remainder when 3 is divided by g.
0
Let b = 1 - -1. Suppose 0 = 5*d + 2*y + 13 - 1, 2*y - 2 = 2*d. What is the remainder when b is divided by -2*(-5 - d - -2)?
0
Suppose 3*n + 23 = 5*t - 210, -2*n = 2. What is the remainder when 318 is divided by t?
42
Suppose 3*y - 64 = -4*x, 2*y - x - 39 = -0*y. Let w(o) = -10*o + 9. Calculate the remainder when w(-3) is divided by y.
19
Let r = -3 - -13. Calculate the remainder when 16 is divided by r.
6
Let f(p) = p**2 - 4*p + 4. Let l(s) = s + 13. Let g be l(-7). Suppose -3*d + 55 = -35. Calculate the remainder when d is divided by f(g).
14
Let p(k) = 44*k**2 + 2*k - 2. Calculate the remainder when p(1) is divided by 12.
8
Suppose o - 27 - 6 = d, -o + 27 = 2*d. Suppose 5*a = 44 + o. Suppose a = -4*n + 163. What is the remainder when n is divided by 13?
11
Suppose -3*n + 4*k = 2*n + 13, 4*n + 6 = k. What is the remainder when 22 is divided by 7 - n/((-4)/(-4))?
6
Let m = -50 - -36. Calculate the remainder when 6 is divided by (-5)/(-25) - m/5.
0
Suppose 4*p - 5*p = u - 28, -5*p - 94 = -4*u. Suppose 3*o - 16 - u = 0. Calculate the remainder when o is divided by 9 + -2 + 0 + 1.
6
Let s(q) = 3*q - 1. Let r be s(2). Suppose -6*n + 155 = -n + r*h, -93 = -3*n + 5*h. What is the remainder when n is divided by 16?
15
Suppose -6*c = -3*k - 3*c + 33, 3*k - 5*c = 33. Suppose 3*r - 4*b + 4 = 2*r, -b = -r + k. What is the remainder when 46 is divided by r?
14
Let q(a) = a**3 - 12*a**2 + 14*a - 1. What is the remainder when q(11) is divided by 9?
5
Let p be (-8)/4*(-2 - -3). Let c = 0 - p. Calculate the remainder when 5 is divided by c.
1
Suppose -r = -11 + 2. What is the remainder when 11 is divided by r?
2
Suppose 3 = -2*r + 13. Suppose -2*s - 4*m = -0*s - 28, 0 = 4*s - 4*m - 20. Suppose 1 + s = 3*i. What is the remainder when r is divided by i?
2
Let b(j) be the third derivative of -5*j**4/24 - j**3/2 - j**2. Let v be b(-5). What is the remainder when (-4)/22 - (-422)/v is divided by 10?
9
Let b = -14 + 16. Suppose -4*n = -b*a + 134, -3*n + 174 = -2*a + 5*a. Calculate the remainder when a is divided by 16.
13
Suppose 5*l = 4*l + 15. Let x(y) = -7*y - 9. Let g(d) = -3*d - 5. Let w(q) = 11*g(q) - 6*x(q). Calculate the remainder when w(5) is divided by l.
14
Suppose -5*k = z, -2*z + 5 = -z. What is the remainder when 129 is divided by k + (-34 + 0)*-1?
30
Suppose 62 + 32 = 2*h. What is the remainder when h is divided by 12?
11
Suppose 2*b = -0*b + 2. Suppose -v - 6 = -3*m + b, 0 = -v - 2*m + 3. What is the remainder when 13 is divided by v/4 - (-29)/4?
6
Let n = 26 - 21. Suppose n*x - 29 = 6. Calculate the remainder when 27 is divided by x.
6
Suppose 4*i = 15 + 13. Suppose 0 = -3*l + 8*l + 10. Let u = i + l. Calculate the remainder when u is divided by 2.
1
Let d = -6 - -11. Suppose 21 = d*m - 114. Calculate the remainder when m is divided by 14.
13
Suppose -i + 2 = -5. What is the remainder when i is divided by 3?
1
Let w(v) = v**3 - 4*v**2 - v - 15. What is the remainder when 22 is divided by w(5)?
2
Suppose -4*a = 5*h + 111, 118 - 7 = -5*a + 3*h. Let u = 51 + a. Suppose 5*y - u = -n, 3*y - 33 = -3*n - 0. Calculate the remainder when n is divided by 4.
3
Let c(d) = -d**2 + 10*d - 4. Calculate the remainder when 18 is divided by c(9).
3
Suppose 2*n - 2 = 20. Suppose 3 + n = s. What is the remainder when s is divided by (-8)/(-4) + 0 + 3?
4
Let d = -127 - -134. Calculate the remainder when d is divided by 7.
0
Let q(b) = b**3 - 4*b**2 - 4*b + 11. What is the remainder when 77 is divided by q(5)?
13
Suppose -3*g + a + 25 = 0, 4*g + 3*a = -0*g + 29. Calculate the remainder when 13/(26/g - 3) is divided by (-2)/(-4) + 70/4.
16
Let q = 43 + -13. Let d(n) = n + 9. Let s(j) = 2*j + 1. Let o be s(3). Calculate the remainder when q is divided by d(o).
14
Suppose 189 = -2*s + 6*s + 5*t, -2*s = -3*t - 67. What is the remainder when s is divided by 12?
5
Let f = 55 + -41. Let u = 9 - 5. Calculate the remainder when f is divided by u.
2
Calculate the remainder when 12/30 - (206/(-10) - -2) is divided by (-196)/(-20) - (-1)/5.
9
Let c(h) = -h**2 - 6*h - 1. Let j be c(7). What is the remainder when 4/16 + j/(-16) is divided by 3?
0
Let b(l) = l**2 + 11. Let o be b(0). Let r = 24 - o. What is the remainder when 25 is divided by r?
12
Let q(x) = 17*x**2 - x. Let z be q(1). Let m be ((-12)/z)/(1/(-4)). Suppose -22 = m*y - 5*y. Calculate the remainder when 32 is divided by y.
10
Suppose 0 = -5*y - 20 - 0. Calculate the remainder when 34 is divided by (54/(-4))/3*y.
16
Suppose 2*p + 3*y + 97 = 0, -4*p - p - 180 = -5*y. Let x = 76 + p. What is the remainder when x is divided by 19?
16
Suppose 2*x + 0*x = 0. Suppose x*d = d - 7. What is the remainder when 12 is divided by d?
5
Let k(l) = l**3 - 6*l + 13. Calculate the remainder when 34 is divided by k(3).
12
What is the remainder when ((-1)/((-3)/(-36)))/((-2)/14) is divided by 44?
40
Suppose -3*c = 5*s - 19, -2*c + 0*c = 3*s - 12. Suppose -4*d - 29 = -j, 5*j + c*d + 7 - 60 = 0. Calculate the remainder when 22 is divided by j.
9
Let k = 1 - -10. Suppose -4*d + 